st common divisor of c and 34?
34
Suppose -1 - 129 = -2*x. Calculate the highest common factor of 13 and x.
13
Let q = -218 - -330. Calculate the highest common factor of q and 32.
16
Let l(c) = -c**3 - 4*c**2 + 3*c + 2. Let r be l(-6). Let g = 3 + 5. Calculate the greatest common factor of r and g.
8
Let j be 2/8*-2*-2. Suppose y - j = -0*y. Let z = -14 + 25. What is the highest common divisor of y and z?
1
Suppose 2*c - 40 = 3*n + n, -4*c - 2*n = -120. Suppose 268 - c = 2*t. Calculate the greatest common divisor of 48 and t.
24
Let y be 56/12 + (-2)/3. Let g = 4 - y. Suppose g = 4*x + 4, -4*h = -3*h + x - 4. What is the greatest common factor of h and 15?
5
Let h(w) = -w**2 - 2*w. Let q be h(-2). Suppose q = r + 5, -3*d - 1 = 5*r + 3. Suppose -2*o - 70 = -4*o. What is the highest common divisor of o and d?
7
Let w = -13 + 29. What is the highest common factor of 24 and w?
8
Let d = -20 - -34. Suppose -4*w + 0*w - 127 = a, 3*w = -a - 124. Let i = a + 255. Calculate the highest common factor of i and d.
14
Let n be 40/4 - (0 - 4). What is the greatest common divisor of n and 21?
7
Let n be (-2)/((18/411)/(-3)). Let a = n - 77. Suppose 3*o - 24 = o. What is the greatest common factor of o and a?
12
Suppose -4*l + 59 = -1. Calculate the highest common factor of 75 and l.
15
Suppose 3*p = -12, -3*h - 5*p - 10 = -p. Calculate the greatest common divisor of h and 6.
2
Let x(g) = -g**3 - g**2 + 2*g - 5. Let i be x(-5). What is the greatest common factor of 34 and i?
17
Let g be (-14)/10 + (-21)/35. Let k be -19*(-2 + g - -3). Calculate the greatest common factor of 38 and k.
19
Suppose -3*v = -5*z - 0*z - 5, 6 = -2*z + 2*v. Let a(u) = 14*u + 2. Let c be a(z). Let j be ((-4)/(-5))/(3/c). What is the highest common factor of j and 56?
8
Let o(l) be the first derivative of 7*l**2/2 - 15*l + 5. Let b be o(6). Calculate the highest common factor of b and 3.
3
Let h = 7 - 5. Suppose -y = h*y - 39. Let q = y - 3. What is the greatest common factor of 25 and q?
5
Let l(k) = 13*k**2 + 3*k + 2. Let d be l(-1). Suppose 3*o = 2*o + 18. What is the greatest common divisor of d and o?
6
Suppose 4*q = 2*f, -4*f - 5*q + 25 = -1. Suppose f*h = -7*p + 4*p + 42, -3*p + 3*h = -42. What is the highest common factor of 126 and p?
14
Suppose -1 = 3*i - 4*h - 19, -3*h = 0. Let u be (6/(-4) - -1)*2. Let l be ((0 - 0) + u)*-3. What is the greatest common divisor of l and i?
3
Let f(m) = m**3 + 4*m**2 - m - 1. Let v be f(-4). Suppose -2*o + 2 = 2*c - 4, -c - 2*o + 3 = 0. What is the greatest common divisor of c and v?
3
Let n = 63 + -36. Let g = n - 19. Let x(f) = 2*f**2 + 2*f - 4. Let v be x(-3). Calculate the greatest common factor of g and v.
8
Let b(m) = m + 8. Let t be b(-7). Let q(u) = 7*u**3 + 2*u**2 - 1. Let d be q(t). Calculate the highest common factor of 8 and d.
8
Suppose -28 = 5*t - 178. Let b be (-2)/(-9) + 2418/54. Calculate the highest common factor of b and t.
15
Let r = 19 - 37. Let y = r + 68. What is the highest common divisor of y and 20?
10
Suppose 2*g - 2*u + 143 - 45 = 0, 0 = -3*g + u - 137. Let i be g/(-4) - (2 + -2). What is the greatest common factor of i and 55?
11
Let f(s) = -s**3 + 9*s**2 - 7*s - 16. Let k be f(7). Calculate the highest common divisor of 3 and k.
3
Suppose 0*a - 125 = -5*a. Calculate the greatest common divisor of 5 and a.
5
Let a = 16 - 11. Calculate the highest common divisor of a and 1.
1
Let x = -49 + 56. Calculate the greatest common divisor of x and 63.
7
Let a = -220 - -233. Let v(c) = c**2 - 2*c - 2. Let y be v(5). Calculate the greatest common factor of y and a.
13
Let a = -253 - -37. Let s = -106 - a. Calculate the highest common divisor of s and 10.
10
Let l = 11 - 4. Suppose -4*w = -119 - 189. What is the greatest common divisor of l and w?
7
Let c be (-756)/21*(-2)/4. Let o(k) = k**2 + 10*k + 3. Let a be o(-5). Let n be (-1)/(-2) + a/(-4). Calculate the greatest common factor of c and n.
6
Suppose -144 = -4*z - 24. Suppose q = -2*q + z. What is the highest common divisor of 10 and q?
10
Let g(s) = 3*s**3 - 4*s**2 - 7*s + 10. Let f be g(3). Calculate the highest common factor of f and 136.
34
Let v = 51 + -36. What is the greatest common divisor of 120 and v?
15
Let c = 117 - 19. Calculate the greatest common divisor of 14 and c.
14
Suppose -8*m = -1551 + 231. Let i(r) = 14*r**2 - 2*r - 1. Let f be i(-1). What is the greatest common factor of f and m?
15
Suppose -4*l - 7 = -27. Suppose -378 = -4*s - 5*v + 390, -s - l*v + 207 = 0. Calculate the highest common divisor of 17 and s.
17
Let k(p) = p**2 + p - 2. Let q be k(-3). Suppose -q*w + 14 = -2. Suppose 3*g - 5*c = 69, 0 = -w*c - 8 - 4. What is the highest common divisor of 9 and g?
9
Let r be -3 + (-31)/(-4 - -3). What is the highest common factor of r and 14?
14
Let w(h) = 16*h - 1. Let l be w(1). What is the greatest common factor of 105 and l?
15
Suppose 0*s = 2*s + 4*d - 70, -4*d = -3*s + 135. Suppose 4*z - 60 = 4*t, -3*z + s = -t - t. Let q = 5 + z. Calculate the greatest common divisor of q and 144.
16
Suppose 4*m - 12 = 2*m. What is the greatest common divisor of m and 36?
6
Let h be 0/((-1)/((-1)/(-2))). Let j be 17 - (-2 - h/2). What is the greatest common divisor of 171 and j?
19
Suppose -4*u - 3*x + 19 = 2*x, u - x = -2. Let q be (-2)/u + -10 + 8. Let f be 15/q*(-24)/9. Calculate the highest common factor of 10 and f.
10
Suppose 0 = -8*b + 796 - 68. Calculate the greatest common divisor of b and 13.
13
Let s = 10 + 14. Calculate the highest common factor of s and 72.
24
Let r be 13*3/(-3 + 6). Calculate the greatest common divisor of r and 91.
13
Suppose 0 = i - 2*i - 6. Let k(a) = 2*a**2 + 3*a + 2. Let t be k(-2). Let r = t - i. What is the highest common divisor of 20 and r?
10
Suppose 3*z + 9 = 0, -4*i - 5*z = -8 - 13. Let d(w) = -w**3 + w**2 + 16. Let r be d(0). Let j = r - i. What is the greatest common factor of 7 and j?
7
Let g be ((-1)/1 - -1)*1. Suppose -140 = -g*j - j. Suppose b - j = -4*b. What is the highest common divisor of b and 14?
14
Let w be -119*(-2 + (-1)/(-1)). Let v(y) = y**2 + y - 13. Let p be 8/56 + (-43)/7. Let r be v(p). What is the highest common factor of r and w?
17
Let l = 164 + -94. Calculate the highest common divisor of 14 and l.
14
Let z = 4 + 1. Suppose p = -3*n - 4, z*n = -5*p - 4 - 6. Let i be (n - -1) + 120 - -1. Calculate the greatest common divisor of i and 11.
11
Suppose -5*u = -2*m + 3*m - 215, -4*u - 4*m = -188. Let p = u - 18. Suppose 4*s - 16 = -0. What is the highest common divisor of p and s?
4
Suppose -o + 399 = 4*d, 2*d - d - 108 = -3*o. What is the greatest common factor of d and 9?
9
Let m(f) = -8*f - 12. Let a be m(-6). Let x be (-2)/(-1 + (-1)/(-2)). Calculate the greatest common divisor of x and a.
4
Let j be 27/2 + 15/(-10). Suppose -j = -o - 2*o. Suppose o*w = 3*w + 2. Calculate the greatest common factor of 5 and w.
1
Let p(f) = f**2 + 3*f - 1. Let l be p(-3). Let w(b) = b**2 - 12*b - 4. Let z be w(12). Let k = l - z. Calculate the highest common factor of 3 and k.
3
Let q(t) = 3*t**2 - t + 1. Suppose 15*i - 13*i = 6. Let n be q(i). Calculate the highest common divisor of 175 and n.
25
Let d be -208*1/(-2)*1. Suppose -i + 4*a = -31, 5*a - 36 - 13 = -i. Suppose -2*c - c + i = 0. Calculate the highest common factor of d and c.
13
Suppose 0 = 2*b - g - 10, 5*g - g = -16. Let v be -1 + 0 + b + 11. What is the highest common divisor of 104 and v?
13
Let p = -50 + 67. What is the greatest common factor of p and 221?
17
Let c(q) = -q**2 - 7*q + q**3 - q + 3*q. Let w be c(4). Suppose -3*s - b + 47 = 0, 0 = 3*s - 2*s + 2*b - 24. Calculate the greatest common factor of s and w.
14
Let z(w) = 2*w**2 - 5*w - 5. Let l be z(5). What is the greatest common factor of l and 140?
20
Suppose -13 = -y - 1. Suppose -4*s - 9 = -s, -5*x = 2*s + 4846. Let z be (-2)/5 - x/20. What is the greatest common divisor of z and y?
12
Let b(v) = -v**3 - 3*v**2 - v - 8. Let l be b(-8). Suppose 4*f = -0*f + l. What is the greatest common divisor of 10 and f?
10
Let w(s) = s**2 + 0*s - 8*s + 8 + s - s. Let i be w(7). Let a be -3*i*64/(-12). Calculate the greatest common divisor of a and 128.
16
Suppose 59 = d + 3. Let x be 4/(-6)*-3*d. What is the highest common factor of x and 16?
16
Suppose 7*v - 304 = -4*q + 3*v, 4*q = 5*v + 268